- 121*x**2 - 703*x - 6. Determine n(-6).
-360
Let l(o) = -o**3 + 19*o**2 + 152*o + 5. What is l(-6)?
-7
Let o(b) = 6026*b - 96413. Determine o(16).
3
Let w(r) = -778*r - 8562. Give w(-11).
-4
Let d(p) = -16*p + 569. Determine d(30).
89
Let g(a) = -2*a**3 - 14*a**2 + 26*a + 39. Calculate g(-8).
-41
Let o(l) = 2*l**3 + 110*l**2 + 313*l + 45. Calculate o(-52).
-7
Let x(q) = -q**3 + 5*q**2 + 50*q + 63. Determine x(-6).
159
Let c(l) = -12*l**2 + 22*l - 73. Determine c(3).
-115
Let f(n) = 4*n**2 + 15*n - 25. What is f(0)?
-25
Let a(l) = l**2 - 36*l - 917. Calculate a(53).
-16
Let n(b) = b**3 + 8*b**2 + 25*b + 30. Give n(-7).
-96
Let y(x) = -36*x - 5. Give y(2).
-77
Let n(l) = 3*l + 225. What is n(-76)?
-3
Let a(o) = -o**2 - 195*o - 937. Calculate a(-5).
13
Let o(b) = -54*b**2 + 1253*b - 1252. Determine o(1).
-53
Let t(g) = -3499*g - 10498. Calculate t(-3).
-1
Let u(m) = -84*m + 772. Calculate u(13).
-320
Let o(l) = l**2 + 36*l - 55. Calculate o(-37).
-18
Let d(s) = 324*s - 3255. Give d(10).
-15
Let c(b) = -b**3 + 27*b**2 - 123*b + 806. Determine c(23).
93
Let i(p) = -2*p**3 + 8*p**2 + 13*p - 12. What is i(7)?
-215
Let p(s) = -s**2 - 133*s - 1882. Determine p(-117).
-10
Let a(l) = 71*l - 870. Calculate a(13).
53
Let y(t) = -t**3 + 18*t**2 - 17*t + 37. What is y(17)?
37
Let d(i) = -23*i**2 - 138*i + 11. Calculate d(-6).
11
Let r(i) = -41*i + 139. Give r(6).
-107
Let f(o) = -19*o**3 - o**2 - 23*o + 25. Calculate f(1).
-18
Let g(p) = 2*p**2 - 47*p + 9. Give g(0).
9
Let q(n) = n**3 + 39*n**2 + 8*n + 129. What is q(-39)?
-183
Let y(j) = -7*j**2 + 266*j + 367. What is y(39)?
94
Let n(b) = 8763*b - 8758. Calculate n(1).
5
Let h(n) = 16*n**2 - 783*n + 1564. Determine h(2).
62
Let k(u) = u**2 - 32*u + 47. Determine k(18).
-205
Let n(o) = 89*o**3 + o**2 - 50*o - 52. What is n(-1)?
-90
Let g(b) = -b**3 - 19*b**2 + 173*b + 3289. Give g(-19).
2
Let y(f) = -5*f**2 + 1481*f - 4689. Calculate y(293).
-1
Let g(x) = -29*x + 21. Calculate g(-4).
137
Let n(o) = 2*o**2 + 275*o - 4039. What is n(-151)?
38
Let c(i) = 4*i**3 - 92*i**2 - 3*i + 38. Determine c(23).
-31
Let d(x) = -40*x + 267. Calculate d(9).
-93
Let h(k) = -5*k + 211. What is h(38)?
21
Let c(u) = u**3 + 55*u**2 + 188*u + 1727. Calculate c(-52).
63
Let m(f) = f**3 - 79*f**2 - 79*f - 52. Calculate m(80).
28
Let b(h) = h**2 + 102*h - 1253. Determine b(11).
-10
Let l(y) = y**2 + 58*y - 631. What is l(15)?
464
Let s(p) = -112*p - 1799. Determine s(-16).
-7
Let m(i) = 2234*i - 2225. Calculate m(1).
9
Let x(w) = -131*w - 267. What is x(-3)?
126
Let b(c) = -3*c**2 + 577*c - 9882. Give b(19).
-2
Let f(s) = 9*s**2 - 47*s - 324. Give f(-4).
8
Let f(u) = 2*u**2 + 37*u - 121. What is f(-23)?
86
Let s(p) = p**3 - 4*p**2 - 5*p + 6. Determine s(4).
-14
Let g(d) = -322*d + 4185. What is g(13)?
-1
Let f(c) = c**3 + 53*c**2 - 106*c - 8. What is f(-55)?
-228
Let o(u) = 282*u + 10142. Determine o(-36).
-10
Let t(a) = -71*a + 1214. Give t(20).
-206
Let a(w) = w**2 - 8*w - 24. Calculate a(17).
129
Let x(h) = -16*h**3 + 5*h**2 - 4*h - 7. Calculate x(3).
-406
Let r(f) = -7*f**2 + 30*f - 104. Give r(6).
-176
Let f(k) = -13*k**2 + 87*k - 80. What is f(5)?
30
Let c(f) = -26*f + 1405. What is c(54)?
1
Let p(x) = -1219*x + 3657. Give p(3).
0
Let h(x) = x**2 - 89*x - 681. Give h(-7).
-9
Let i(v) = 10*v**2 + 10*v + 4. Determine i(-5).
204
Let n(t) = 13*t**2 + 78*t - 2. Determine n(-6).
-2
Let f(g) = -g**2 + 345*g - 3057. What is f(9)?
-33
Let c(u) = -808*u**2 - 5659*u + 26. What is c(-7)?
47
Let k(q) = q**2 + 57*q - 1839. Give k(-81).
105
Let l(r) = -4*r**2 - 947*r + 11956. Determine l(12).
16
Let o(h) = 4*h**2 + 585*h + 585. What is o(-1)?
4
Let m(r) = -16*r**2 - 3*r - 1. Give m(-1).
-14
Let q(f) = 2*f**3 + 138*f**2 - 133*f + 509. Calculate q(-70).
19
Let q(f) = -f**3 - 11*f**2 + 14*f + 28. Calculate q(-12).
4
Let z(l) = -11*l**3 + 5*l**2 + 30*l + 46. Determine z(-2).
94
Let h(o) = -50*o + 524. Give h(10).
24
Let h(o) = -2*o**3 - 106*o**2 + 107*o - 61. Give h(-54).
-7
Let c(d) = -126*d**3 + 3*d**2 - d - 4. What is c(-1)?
126
Let y(p) = 177*p - 44782. Determine y(253).
-1
Let v(j) = -62*j + 223. Calculate v(3).
37
Let o(c) = 3*c**2 - 167*c + 1655. Give o(13).
-9
Let x(w) = -63*w + 207. Calculate x(3).
18
Let k(z) = z**2 - 198*z + 7405. What is k(50)?
5
Let n(c) = -c**2 + 19*c - 64. Determine n(32).
-480
Let b(m) = -13*m**2 + 211*m + 166. What is b(17)?
-4
Let u(x) = -x**3 - 115*x**2 - 666*x - 1320. What is u(-109)?
-12
Let x(o) = 3*o**3 + 120*o**2 - 123*o + 6. What is x(-41)?
6
Let p(y) = 5*y**2 - 127*y - 27. What is p(13)?
-833
Let z(u) = u**2 + 172*u - 1257. Give z(7).
-4
Let o(v) = -v**3 + v**2 + 20. What is o(0)?
20
Let q(w) = -w**2 - 96*w - 55. Calculate q(-95).
40
Let x(p) = -5*p**2 + 61*p - 107. Give x(10).
3
Let k(z) = z**3 + 5*z**2 - 55*z - 347. Determine k(-6).
-53
Let m(p) = -244*p + 7068. Determine m(29).
-8
Let j(r) = 190*r + 1012. What is j(-7)?
-318
Let t(u) = 677*u**2 + 1354*u + 3. Determine t(-2).
3
Let k(w) = -12*w - 408. Calculate k(-30).
-48
Let c(m) = m**2 - 62*m - 1600. Calculate c(82).
40
Let j(m) = 238*m + 25705. What is j(-108)?
1
Let t(q) = -58*q + 45. Calculate t(-8).
509
Let p(h) = 687*h - 624. Determine p(1).
63
Let s(o) = -13*o**3 + 90*o**2 + 13*o + 16. Calculate s(7).
58
Let y(r) = -r**2 - 55*r - 709. Give y(-22).
17
Let l(r) = r**3 + 24*r**2 + 47*r + 42. Determine l(-22).
-24
Let v(n) = 141*n**2 - 16*n - 19. What is v(-1)?
138
Let i(s) = -6*s - 71. Give i(19).
-185
Let y(k) = 4181*k - 12529. Give y(3).
14
Let q(o) = -67*o - 449. Determine q(-5).
-114
Let k(z) = -16*z + 120. Give k(11).
-56
Let s(b) = b**2 + 683*b + 46137. What is s(-76)?
5
Let x(q) = -q**2 + 76*q - 1189. Calculate x(53).
30
Let i(x) = x**2 - 47*x + 283. Give i(7).
3
Let z(x) = x**3 - 10*x**2 + 60*x - 465. Give z(9).
-6
Let a(y) = -3*y**3 - 18*y**2 - 22*y - 20. What is a(-5)?
15
Let z(p) = 16644*p - 33288. What is z(2)?
0
Let b(s) = s**3 + 12*s**2 - 44*s + 18. Give b(-15).
3
Let s(v) = -3*v + 60. Give s(-5).
75
Let y(p) = 130*p + 7. Give y(0).
7
Let o(t) = t**3 + 11*t**2 - 40*t - 527. What is o(-9)?
-5
Let z(j) = -94*j + 888. Determine z(11).
-146
Let s(o) = 53*o**2 - 60*o + 61. Calculate s(1).
54
Let x(p) = 6*p**3 + 17*p**2 + 20*p + 9. Calculate x(-2).
-11
Let b(f) = 28*f + 529. What is b(-19)?
-3
Let i(s) = 2*s**3 - 4*s**2 + 4*s + 18. Determine i(-3).
-84
Let x(y) = 1255*y - 12534. Calculate x(10).
16
Let g(v) = 662*v + 8600. Determine g(-13).
-6
Let r(n) = -366*n**2 - 12*n - 11. Calculate r(-1).
-365
Let a(r) = -r**3 + 24*r**2 + 47*r - 529. Determine a(25).
21
Let m(u) = 27*u**2 + 31*u - 12. Determine m(-5).
508
Let z(v) = 2*v**2 + 40*v - 156. What is z(-24)?
36
Let j(p) = -3*p**3 + 52*p**2 - 38*p - 6. What is j(1)?
5
Let g(d) = -34*d**2 + d - 1. What is g(2)?
-135
Let w(i) = -2*i**3 + 28*i**2 - 39*i - 104. Give w(12).
4
Let y(i) = i**2 - 3*i - 150. Give y(13).
-20
Let k(s) = 4*s**2 - 14*s + 31. Calculate k(3).
25
Let h(d) = -44*d**2 + 4*d - 4. Calculate h(2).
-172
Let k(h) = h**3 - 30*h**2 + 33*h + 38. What is k(29)?
154
Let p(c) = -10*c**2 + 52*c + 5. Calculate p(3).
71
Let z(t) = t**3 - 51*t**2 - 8*t + 436. Calculate z(51).
28
Let x(b) = -b**2 - 2*b + 319. Determine x(-19).
-4
Let x(s) = -3*s**2 + 17*s - 26. Give x(5).
-16
Let u(l) = 70*l + 1955. What is u(-28)?
-5
Let f(c) = c**2 - 15*c + 55. Give f(9).
1
Let g(q) = -2740*q + 109609. Determine g(40).
9
Let n(p) = 3*p**3 + 158*p**2 + 255*p + 11. Calculate n(-51).
11
Let n(i) = i**3 - 9*i**2 - 193*i - 39. Determine n(-10).
-9
Let f(y) = 2*y**3 + 37*y**2 - 20*y - 36. Give f(-19).
-17
Let m(z) = -z**3 + 103*z**2 + 297*z + 2235. Give m(106).
9
Let w(q) = q**3 - 6*q**2 + 15*q - 7. Calculate w(2).
7
Let r(a) = 9*a**3 - 8*a**2 - 20*a + 25. What is r(1)?
6
Let q(g) = -267*g + 6691. Determine q(25).
16
Let w(d) = d**3 + 25*d**2 + 118*d + 79. Give w(-19).
3
Let o(s) = -46*s - 2743. Give o(-59).
-29
Let k(d) = 100*d + 71. What is k(-4)?
-329
Let b(d) = d**3 + 2*d**2 - 10*d + 12. What is b(-4)?
20
Let k(o) = 5*o - 188. Determine k(-11).
-243
Let g(t) = -24*t + 1163. Determine g(48).
11
Let i(f) = 5*f**2 + 53*f - 13. What is i(-11)?
9
Let p(r) = -2*r**3 - 742*r**2 - 763*r - 8515. What is p(-370)?
-5
Let k(b) = -b**3 - 70*b**2 + 192*b + 3456. Give k(-72).
0
Let l(w) = -141*w + 12. Calculate l(2).